3*n + 0*n = 0. Let y be 6 - (-9)/(c - 3). Give j(y).
-1
Let c(o) = o + 10. Let g be c(-10). Let n(k) = -4*k - k**3 - k**2 + 6*k**2 + g*k**2 - 2. Determine n(4).
-2
Let j(q) = q**2 + 5*q + 1. Suppose 0 = -b - 0*b. Suppose -2*l + b*l + 6 = 0. Suppose 26 = -4*n + 3*x, 0 = n + l*n - 4*x + 28. Calculate j(n).
1
Let o(k) be the third derivative of -k**4/24 - k**3/2 - 7*k**2. Let x be 6/9 + 28/(-6). Give o(x).
1
Suppose 0 = -0*n - n. Let b(s) = -2*s - 4 + 3*s + 4 + 2. Calculate b(n).
2
Let u be 2 - -2*(0 + 1). Let z be 1/(0 + 1/u). Let m(p) = -p + 2. Determine m(z).
-2
Let q(r) = -79 + r + 157 - 83 + r**2. Let z be 3 + -1 + -1 + 3. Suppose t + 0*t = -z. What is q(t)?
7
Suppose 4*d + 2*t + 68 = -0*d, t = 2*d + 30. Let s = 11 + d. Let m(n) be the second derivative of -n**5/20 - n**4/2 - 5*n**3/6 + n. Give m(s).
0
Let w(x) = -3 - x**2 + 5*x - 4 + 4. Suppose 5*j + 3*f + 5 = 14, 23 = 5*j - 4*f. What is w(j)?
3
Let b(d) = -d - 7. Let l be b(-6). Let r(y) = y. Let t(p) be the third derivative of -p**3/6 - p**2. Let s(h) = l*t(h) + r(h). Determine s(1).
2
Suppose -4*o - 4*p + 4 = p, -4 = 2*o + 4*p. Let j(x) = -x + 8. Give j(o).
2
Let y(d) be the second derivative of -d**5/20 - d**4/2 - d**3/6 - 7*d**2/2 - 14*d. What is y(-6)?
-1
Let r(j) be the second derivative of -5/12*j**4 + 5/2*j**2 - 1/20*j**5 - j - 1/2*j**3 + 0. Let a(y) = y**3 - 4*y**2 + y + 2. Let g be a(3). What is r(g)?
1
Let c(d) = -d**3 + d**2 - 11*d + 3. Let m(s) = s**3 - 2*s**2 + 10*s - 3. Let o(h) = -4*c(h) - 5*m(h). What is o(5)?
-2
Let q(o) = -8*o**2 + 5. Let b(g) = 7*g**2 + g - 5. Let w(n) = -7*b(n) - 6*q(n). Determine w(-6).
11
Let z(b) be the first derivative of b**3/3 + 7*b**2/2 + 6*b + 46. Let p = -2 - 2. What is z(p)?
-6
Let w(t) = t**3 + 4*t**2 - 3. Let d = -4 - -7. Let x(k) = -k**2 + 3*k - 3. Let c be x(d). Determine w(c).
6
Let g(z) = -6*z**2 - 30 + 17 + z**3 + 18. What is g(6)?
5
Let l(m) = m**2 - 3*m + 3. Let a be l(2). Let h(y) = -4*y + 1. What is h(a)?
-3
Let h(m) = -3*m - 2. Let p be h(-2). Let k(n) be the third derivative of 1/120*n**6 + 0 + 1/24*n**p + 3*n**2 + 0*n + 0*n**3 + 1/15*n**5. Calculate k(-4).
-4
Let j(z) = -z**3 + 7*z**2 - 2*z + 6. Let y be (-8)/28 + 150/(-14). Let x = y + 18. Determine j(x).
-8
Let w(d) = -8*d**2 + 0*d**3 - d + d**3 - 4*d - 2*d**3. What is w(-7)?
-14
Let f(r) be the first derivative of -r**4/4 - 7*r**3/3 - r**2 - 8*r + 8. What is f(-7)?
6
Let m(y) = y**3 + 5*y**2 + 1. Let b = -7 - -7. Let d(k) = -k + 5 + 1 + b*k + 0. Let g be d(11). What is m(g)?
1
Let o(q) = -2*q**2 - 11*q - 8. Let p(s) = 6*s**2 + 32*s + 23. Let h(m) = -17*o(m) - 6*p(m). Let f = -4 + 1. Determine h(f).
-5
Let a(h) = 32*h**2 + 38*h**2 - 2*h**3 + 2 + 3*h - 73*h**2 - 2*h. Give a(2).
-24
Let p be (-1)/(4/(-17 - -1)). Let z(v) = v - p*v**2 + 0*v**2 + 3*v - v**3 + 3*v**2. Calculate z(-3).
6
Suppose -2*a - 4*b = -7*a - 27, -3*a - 24 = -5*b. Let g(y) = 3*y - 4. Give g(a).
-13
Let a(f) = -229*f - f**2 + 1 + 0 + 229*f - f**3. Determine a(-2).
5
Let l(s) = s + 1. Let o be l(0). Let v(m) = -4*m - 3. Let j(f) = f - 1. Let r(y) = o*v(y) - 2*j(y). Calculate r(-1).
5
Let t(k) = -3*k + 5. Let b(s) = s + 2. Let x be b(0). Suppose 0*w - 2 = -x*w. Let v(n) = 3*n**3 + n**2 - n + 1. Let l be v(w). Calculate t(l).
-7
Let k(m) = 0*m + 2*m + 0*m + 1 + 2*m**2. Let x = -10 - -9. What is k(x)?
1
Let l(v) = 2*v. Let m(x) = -x**3 - 12*x**2 - 10*x + 14. Let f be m(-11). Suppose 0 = 3*o - 0 + f. Give l(o).
-2
Let j(m) = -m**2 - 6*m - 6. Let d be j(-6). Let i be d + 6 - (-2 - 1). Let v(r) be the third derivative of -r**5/60 + r**4/8 + 2*r**3/3 + r**2. What is v(i)?
4
Let o be (8/(-1920))/((-2)/4). Let i(l) be the third derivative of o*l**6 + 2*l**2 + 0 + 5/24*l**4 + 0*l**3 + 0*l + 7/60*l**5. Determine i(-6).
6
Let u(q) = -q**3 + 5. Let v = 3 - 3. Let w = v + 0. Determine u(w).
5
Let t(j) = j + 7*j + 0*j - 2. Calculate t(3).
22
Let l = 7 + -8. Let p be (-3 - l)/(10/25). Let z(x) = -x - 7. Determine z(p).
-2
Let h(b) = -b**3 + 5*b**2 - 4*b - 1. Let w = 0 + -1. Let r be w/5 + 4/(-5). Let m be 5 + r + 0 + 0. What is h(m)?
-1
Suppose 5*d - 14 = -j + 4*j, 4 = 2*d - 2*j. Let v(a) = a**2 - 5*a + 2. Give v(d).
-2
Let o(i) = i**2 + 6*i + 4. Let x be o(-6). Suppose 5*z - 6 = -3*w, z - 2*z = 0. Let u(p) = -x + 4 - 4*p - w. What is u(-2)?
6
Let o be -3 - 3/(-1) - -4. Suppose 6*u - 3*u + 9 = -3*r, -o*r + 13 = -u. Suppose 3*v - r*v + 5 = 0. Let f(h) = -h**2 - 5*h + 7. Determine f(v).
7
Let y = -5 + 7. Suppose 2*p + 3*p - 3*u = -8, y*p - 2*u + 4 = 0. Let h(c) = 7*c**3 + c**3 + 1 - 4*c**3 + 2*c. Give h(p).
-5
Suppose 0*w = -2*w + 4*p + 16, -4*p = 4. Let y(r) = r**3 - 6*r**2 + 2*r - 7. What is y(w)?
5
Let m(h) = 5*h**3 - 6*h - 5. Let j(f) = -4*f**3 - f**2 + 6*f + 5. Let i(g) = -4*j(g) - 3*m(g). Calculate i(-5).
0
Let i(o) = -o**2 + 4*o - 1. Suppose 20 = -5*r + 10*r. Give i(r).
-1
Let t(k) be the second derivative of 3*k**2 - 1/2*k**3 + 0 + 3*k. What is t(4)?
-6
Let p(n) be the third derivative of -5*n**4/24 + n**3/3 - 2*n**2. Let u be 4/(-2) + 7 - 2. Suppose -u - 3 = -3*q. Determine p(q).
-8
Suppose -5 = 5*q - u - 3*u, -4*q - u - 4 = 0. Let g be -15*(-6)/(-9)*-1. Let m(l) = l - 4 - 6 + g. Determine m(q).
-1
Let k(f) = 5*f + 12. Let v(b) = 6*b + 14. Let d(l) = 4*k(l) - 3*v(l). Give d(-4).
-2
Let d(w) = w - 1. Let y(m) = -4 + 5 - 2. Let z(h) = -h + 3. Let s(p) = -2*y(p) + z(p). Let x be s(3). Give d(x).
1
Let l = -1 - -2. Let x = -10 - l. Let t = x + 15. Let s(f) = -f**2 + 5*f - 3. Calculate s(t).
1
Let p be 1*1/(-3)*-6. Let b = -8 - -11. Let r(q) = -2*q - 2*q**2 - 4*q**3 + 2*q**3 + 3 + b*q**3. What is r(p)?
-1
Let h(s) = s**2 - 7*s + 8. Let d be h(6). Let u(g) = -d*g**2 + 2*g**2 + g + 2*g**2. What is u(-1)?
1
Let f(y) = y - 1. Let i(l) = l - 1. Let z(c) = 3*f(c) - 4*i(c). Calculate z(-5).
6
Suppose -y + 5 = 4*y. Let c(w) = y + 3 + 2*w - 3. Determine c(-1).
-1
Let t(d) = 17 + 5*d**2 - 12 + d**3 - 12 - 2*d. Suppose f - 4*i + 6 = 3*f, -3*f - 7 = 2*i. Calculate t(f).
3
Suppose -f = -2 - 2. Let b(p) = p**3 + f*p + 0*p**3 + 6*p**2 + 0*p**2 + 2. What is b(-5)?
7
Suppose -w + 18 + 16 = 3*p, -4*p - w + 46 = 0. Let f be (-1)/(-3) - 52/p. Let v(u) = u**2 - 3. Give v(f).
13
Let x(d) = -41*d**3 + 2*d**2 - 5*d. Let q = -12 - -20. Let a(f) = f**2 - 6*f + 1 - 1 + 3*f - 27*f**3. Let t(l) = q*a(l) - 5*x(l). What is t(1)?
-12
Let b(p) = -6*p - 1. Let j = 53 - 55. What is b(j)?
11
Suppose 0*h = 3*h + 6. Let y(p) = p**3 + p**2 + 2. What is y(h)?
-2
Let n(f) be the first derivative of 1 + 11*f - 1/2*f**2. Give n(0).
11
Let g = 6 - 4. Let q(y) = 1. Let i(j) = j + 4. Let x(b) = i(b) - 6*q(b). Calculate x(g).
0
Suppose -3*x - 44 = 5*b, -3*b - 2 = -4*b + 3*x. Let p(u) = 6 - 7*u**2 + 11 - 16 + 5 - u**3. Calculate p(b).
6
Let p = 12 - 13. Let l(j) = -3*j**3 + 5*j**2 - 5*j + 3. Let r(z) = z**3 - z**2 + z - 1. Let i(m) = -l(m) - 4*r(m). What is i(p)?
0
Suppose 2*g = 4*x + g + 1, -2*x + 27 = 5*g. Let p(t) = t - 5. Let i(a) = -2*a + 6. Let s(l) = 6*i(l) + 7*p(l). What is s(x)?
-4
Let v(m) = m**2 + 5*m + 3. Let z be v(-4). Let t(g) = -14*g + 1. Calculate t(z).
15
Suppose -13 = l - 9*x + 4*x, -4*l + 2 = -2*x. Let c(m) = -4*m - 2*m**3 + 5 + 0*m**2 + 5*m**l + 3*m**3. Suppose 0 = 3*i - 1 + 19. Determine c(i).
-7
Suppose -2*p + 7 = 3*j - 4*j, -4*j + 27 = 3*p. Let y(o) be the first derivative of o**2/2 - 7*o + 3. Give y(p).
-2
Let l(q) = -q + 19*q**2 + 5*q**2 - 44*q**2. Give l(1).
-21
Let s(n) be the third derivative of -n**4/24 + n**3/3 + 21*n**2. Give s(3).
-1
Let p(o) = -o**3 + 3*o**2 + 5*o + 3. Suppose -4 = 2*g - 10. Let i = 7 - g. What is p(i)?
7
Let f(a) = 2*a - 2. Let l be f(-2). Let u(m) = m**2 + 8*m + 5. Give u(l).
-7
Let p(b) be the first derivative of 5*b**4/4 - 5*b**2/2 - 10*b - 2. Let j(w) = 9*w**3 - 9*w - 19. Let x(a) = -4*j(a) + 7*p(a). Calculate x(0).
6
Suppose 2*m - 19 = -x, -2*m = -3*m + 5. Let v = x - 12. Let b(h) = h**3 + 5*h**2 + 3*h + 2. Calculate b(v).
11
Let a(h) be the second derivative of h**3/3 + 14*h. What is a(6)?
12
Suppose 3 + 1 = n. Let g(f) = n - 3*f + 2*f + 4*f. Determine g(-4).
-8
Suppose -4*o = -o. Let r = o - -1. Let x(i) = i**2 + 0 - 2*i + 11*i**3 + i + 3*i + r. Give x(-1).
-11
Let r(l) = 70 - 69 - l + 0*l. Give r(5).
-4
Let i(j) = j**2 - 3*j + 3. Suppose -3*g = -7 - 20. Suppose -5*k + g = -11. Suppose -k = -x - 2. What is i(x